{"id":30,"date":"2017-03-04T11:22:13","date_gmt":"2017-03-04T10:22:13","guid":{"rendered":"http:\/\/onlinesc.net\/online\/?page_id=30"},"modified":"2022-02-22T19:40:31","modified_gmt":"2022-02-22T18:40:31","slug":"internet-swiatlowodowy","status":"publish","type":"page","link":"https:\/\/onlinesc.net\/online\/?page_id=30","title":{"rendered":"Internet \u015bwiat\u0142owodowy"},"content":{"rendered":"<h2 style=\"text-align: justify;\"><\/h2>\n<h2 style=\"text-align: justify;\"><i id=\"fac_69ead9b18f52f\" class=\"fa fa-handshake-o\"><\/i>\n Nasza oferta<\/h2>\n<p style=\"text-align: justify;\"><a href=\"https:\/\/onlinesc.net\/online\/wp-content\/uploads\/online_internet.jpg\"><img loading=\"lazy\" class=\"aligncenter wp-image-1199 size-large\" src=\"https:\/\/onlinesc.net\/online\/wp-content\/uploads\/online_internet-724x1024.jpg\" alt=\"\" width=\"640\" height=\"905\" srcset=\"https:\/\/onlinesc.net\/online\/wp-content\/uploads\/online_internet-724x1024.jpg 724w, https:\/\/onlinesc.net\/online\/wp-content\/uploads\/online_internet-212x300.jpg 212w, https:\/\/onlinesc.net\/online\/wp-content\/uploads\/online_internet-768x1086.jpg 768w, https:\/\/onlinesc.net\/online\/wp-content\/uploads\/online_internet-1086x1536.jpg 1086w, https:\/\/onlinesc.net\/online\/wp-content\/uploads\/online_internet.jpg 1240w\" sizes=\"(max-width: 640px) 100vw, 640px\" \/><\/a><\/p>\n<h2 style=\"text-align: justify;\"><i id=\"fac_69ead9b1902fd\" class=\"fa fa-check-square-o\"><\/i>\n Dost\u0119pno\u015b\u0107<\/h2>\n<p>Aktualn\u0105 map\u0119 dost\u0119pno\u015bci tej us\u0142ugi znajdziesz <a href=\"https:\/\/onlinesc.net\/online\/?page_id=22\">tutaj<\/a>.<\/p>\n","protected":false},"excerpt":{"rendered":"<p>Nasza oferta Dost\u0119pno\u015b\u0107 Aktualn\u0105 map\u0119 dost\u0119pno\u015bci tej us\u0142ugi znajdziesz tutaj.<\/p>\n","protected":false},"author":1,"featured_media":0,"parent":20,"menu_order":0,"comment_status":"closed","ping_status":"closed","template":"","meta":[],"yoast_head":"<!-- This site is optimized with the Yoast SEO plugin v14.9 - https:\/\/yoast.com\/wordpress\/plugins\/seo\/ -->\n<title>Internet \u015bwiat\u0142owodowy Szczekociny i okolice - ONLINE s.c.<\/title>\n<meta name=\"description\" content=\"Jeste\u015bmy dostawc\u0105 us\u0142ugi szerokopasmowego Internetu \u015bwiadczonego w technologii \u015bwiat\u0142owodowej. Technologia ta oferuje pot\u0119\u017cne mo\u017cliwo\u015bci.\" \/>\n<meta name=\"robots\" content=\"index, follow, max-snippet:-1, max-image-preview:large, max-video-preview:-1\" \/>\n<link rel=\"canonical\" href=\"https:\/\/onlinesc.net\/online\/?page_id=30\" \/>\n<meta property=\"og:locale\" content=\"pl_PL\" \/>\n<meta property=\"og:type\" content=\"article\" \/>\n<meta property=\"og:title\" content=\"Internet \u015bwiat\u0142owodowy Szczekociny i okolice - ONLINE s.c.\" \/>\n<meta property=\"og:description\" content=\"Jeste\u015bmy dostawc\u0105 us\u0142ugi szerokopasmowego Internetu \u015bwiadczonego w technologii \u015bwiat\u0142owodowej. Technologia ta oferuje pot\u0119\u017cne mo\u017cliwo\u015bci.\" \/>\n<meta property=\"og:url\" content=\"https:\/\/onlinesc.net\/online\/?page_id=30\" \/>\n<meta property=\"og:site_name\" content=\"ONLINE s.c.\" \/>\n<meta property=\"article:modified_time\" content=\"2022-02-22T18:40:31+00:00\" \/>\n<meta property=\"og:image\" content=\"https:\/\/onlinesc.net\/online\/wp-content\/uploads\/online_internet-724x1024.jpg\" \/>\n<meta name=\"twitter:card\" content=\"summary\" \/>\n<script type=\"application\/ld+json\" class=\"yoast-schema-graph\">{\"@context\":\"https:\/\/schema.org\",\"@graph\":[{\"@type\":\"Organization\",\"@id\":\"https:\/\/onlinesc.net\/online\/#organization\",\"name\":\"ONLINE s.c.\",\"url\":\"https:\/\/onlinesc.net\/online\/\",\"sameAs\":[],\"logo\":{\"@type\":\"ImageObject\",\"@id\":\"https:\/\/onlinesc.net\/online\/#logo\",\"inLanguage\":\"pl-PL\",\"url\":\"https:\/\/onlinesc.net\/online\/wp-content\/uploads\/logo_online.png\",\"width\":150,\"height\":150,\"caption\":\"ONLINE s.c.\"},\"image\":{\"@id\":\"https:\/\/onlinesc.net\/online\/#logo\"}},{\"@type\":\"WebSite\",\"@id\":\"https:\/\/onlinesc.net\/online\/#website\",\"url\":\"https:\/\/onlinesc.net\/online\/\",\"name\":\"ONLINE s.c.\",\"description\":\"ca\\u0142y \\u015bwiat w zasi\\u0119gu r\\u0119ki...\",\"publisher\":{\"@id\":\"https:\/\/onlinesc.net\/online\/#organization\"},\"potentialAction\":[{\"@type\":\"SearchAction\",\"target\":\"https:\/\/onlinesc.net\/online\/?s={search_term_string}\",\"query-input\":\"required name=search_term_string\"}],\"inLanguage\":\"pl-PL\"},{\"@type\":\"ImageObject\",\"@id\":\"https:\/\/onlinesc.net\/online\/?page_id=30#primaryimage\",\"inLanguage\":\"pl-PL\",\"url\":\"https:\/\/onlinesc.net\/online\/wp-content\/uploads\/online_internet.jpg\",\"width\":1240,\"height\":1754},{\"@type\":\"WebPage\",\"@id\":\"https:\/\/onlinesc.net\/online\/?page_id=30#webpage\",\"url\":\"https:\/\/onlinesc.net\/online\/?page_id=30\",\"name\":\"Internet \\u015bwiat\\u0142owodowy Szczekociny i okolice - ONLINE s.c.\",\"isPartOf\":{\"@id\":\"https:\/\/onlinesc.net\/online\/#website\"},\"primaryImageOfPage\":{\"@id\":\"https:\/\/onlinesc.net\/online\/?page_id=30#primaryimage\"},\"datePublished\":\"2017-03-04T10:22:13+00:00\",\"dateModified\":\"2022-02-22T18:40:31+00:00\",\"description\":\"Jeste\\u015bmy dostawc\\u0105 us\\u0142ugi szerokopasmowego Internetu \\u015bwiadczonego w technologii \\u015bwiat\\u0142owodowej. Technologia ta oferuje pot\\u0119\\u017cne mo\\u017cliwo\\u015bci.\",\"breadcrumb\":{\"@id\":\"https:\/\/onlinesc.net\/online\/?page_id=30#breadcrumb\"},\"inLanguage\":\"pl-PL\",\"potentialAction\":[{\"@type\":\"ReadAction\",\"target\":[\"https:\/\/onlinesc.net\/online\/?page_id=30\"]}]},{\"@type\":\"BreadcrumbList\",\"@id\":\"https:\/\/onlinesc.net\/online\/?page_id=30#breadcrumb\",\"itemListElement\":[{\"@type\":\"ListItem\",\"position\":1,\"item\":{\"@type\":\"WebPage\",\"@id\":\"https:\/\/onlinesc.net\/online\",\"url\":\"https:\/\/onlinesc.net\/online\",\"name\":\"Home\"}},{\"@type\":\"ListItem\",\"position\":2,\"item\":{\"@type\":\"WebPage\",\"@id\":\"https:\/\/onlinesc.net\/online\/?page_id=20\",\"url\":\"https:\/\/onlinesc.net\/online\/?page_id=20\",\"name\":\"Oferta\"}},{\"@type\":\"ListItem\",\"position\":3,\"item\":{\"@type\":\"WebPage\",\"@id\":\"https:\/\/onlinesc.net\/online\/?page_id=30\",\"url\":\"https:\/\/onlinesc.net\/online\/?page_id=30\",\"name\":\"Internet \\u015bwiat\\u0142owodowy\"}}]}]}<\/script>\n<!-- \/ Yoast SEO plugin. -->","_links":{"self":[{"href":"https:\/\/onlinesc.net\/online\/index.php?rest_route=\/wp\/v2\/pages\/30"}],"collection":[{"href":"https:\/\/onlinesc.net\/online\/index.php?rest_route=\/wp\/v2\/pages"}],"about":[{"href":"https:\/\/onlinesc.net\/online\/index.php?rest_route=\/wp\/v2\/types\/page"}],"author":[{"embeddable":true,"href":"https:\/\/onlinesc.net\/online\/index.php?rest_route=\/wp\/v2\/users\/1"}],"replies":[{"embeddable":true,"href":"https:\/\/onlinesc.net\/online\/index.php?rest_route=%2Fwp%2Fv2%2Fcomments&post=30"}],"version-history":[{"count":20,"href":"https:\/\/onlinesc.net\/online\/index.php?rest_route=\/wp\/v2\/pages\/30\/revisions"}],"predecessor-version":[{"id":1202,"href":"https:\/\/onlinesc.net\/online\/index.php?rest_route=\/wp\/v2\/pages\/30\/revisions\/1202"}],"up":[{"embeddable":true,"href":"https:\/\/onlinesc.net\/online\/index.php?rest_route=\/wp\/v2\/pages\/20"}],"wp:attachment":[{"href":"https:\/\/onlinesc.net\/online\/index.php?rest_route=%2Fwp%2Fv2%2Fmedia&parent=30"}],"curies":[{"name":"wp","href":"https:\/\/api.w.org\/{rel}","templated":true}]}}