{"id":24,"date":"2017-03-04T11:21:07","date_gmt":"2017-03-04T10:21:07","guid":{"rendered":"http:\/\/onlinesc.net\/online\/?page_id=24"},"modified":"2020-09-11T10:56:28","modified_gmt":"2020-09-11T08:56:28","slug":"kamery","status":"publish","type":"page","link":"https:\/\/onlinesc.net\/online\/?page_id=24","title":{"rendered":"Kamery"},"content":{"rendered":"<p>Zapraszamy do obejrzenia przekaz\u00f3w z naszych kamer.<br \/>\n<div class=\"rtbs  rtbs_kamery\"><div class=\"rtbs_slug\" style=\"display:none\">kamery<\/div><div class=\"rtbs_inactive_tab_background\" style=\"display:none\">transparent<\/div><div class=\"rtbs_breakpoint\" style=\"display:none\">600<\/div><div class=\"rtbs_color\" style=\"display:none\">#ff7070<\/div>\r\n        <div class=\"rtbs_menu\">\r\n            <ul>\r\n                <li class=\"mobile_toggle\">&zwnj;<\/li><li class=\"current\"><a style=\"background:#ff7070\" class=\"active kamery-tab-link-0\" href=\"#\" data-tab=\"#kamery-tab-0\"><i class=\"fas fa-video fa-lg\"><\/i> Delikatesy Centrum<\/a><\/li><li><a href=\"#\" data-tab=\"#kamery-tab-1\" class=\"kamery-tab-link-1\"><i class=\"fas fa-video fa-lg\"><\/i> Komin P. W. \"OMEGA\"<\/a><\/li><li><a href=\"#\" data-tab=\"#kamery-tab-2\" class=\"kamery-tab-link-2\"><i class=\"fas fa-video fa-lg\"><\/i> Urz\u0105d Gminy Radk\u00f3w<\/a><\/li>\r\n            <\/ul>\r\n        <\/div><div style=\"border-top:7px solid #ff7070;\" id=\"kamery-tab-0\" class=\"rtbs_content active\"><h2 style=\"text-align: justify;\"><i id=\"fac_69ef6b4e70927\" class=\"fa fa-video-camera\"><\/i>\n Delikatesy Centrum [Szczekociny]<\/h2>\n<p>(strumie\u0144 testowy)<br \/>\n<script src=\"https:\/\/onlinesc.net\/online\/wlasne\/dist\/hls.min.js\"><\/script><br \/>\n<video id=\"video\" controls=\"controls\" width=\"100%\" >W tej przegl\u0105darce tego nie obejrzysz... \ud83d\ude41<\/video><br \/>\n<script>\n  if(Hls.isSupported()) {\n    var video = document.getElementById('video');\n    var config = {autoStartLoad: false};\n    var hls = new Hls(config);\n    hls.loadSource('http:\/\/185.124.117.134:8080\/hls\/kam01.m3u8');\n    hls.attachMedia(video);\n    hls.startLoad(startPosition=-1);\n }\n<\/script><\/p>\n<div style=\"margin-top:30px; clear:both;\"><\/div><\/div><div style=\"border-top:7px solid #ff7070;\" id=\"kamery-tab-1\" class=\"rtbs_content\"><h2 style=\"text-align: justify;\"><i id=\"fac_69ef6b4e71aae\" class=\"fa fa-video-camera\"><\/i>\n Widok z komina P.W. \"OMEGA\" [Szczekociny]<\/h2>\n<p>(strumie\u0144 testowy)<\/p>\n<p><video id=\"video2\" controls=\"controls\" width=\"100%\">W tej przegl\u0105darce tego nie obejrzysz... \ud83d\ude41<\/video><\/p>\n<p><script>\n  if(Hls.isSupported()) {\n    var video2 = document.getElementById('video2');\n    var config2 = {autoStartLoad: false};\n    var hls2 = new Hls(config2);\n    hls2.loadSource('http:\/\/185.124.117.134:8080\/hls\/kam02.m3u8');\n    hls2.attachMedia(video2);\n    hls2.startLoad(startPosition=-1);\n }\n<\/script><\/p>\n<div style=\"margin-top:30px; clear:both;\"><\/div><\/div><div style=\"border-top:7px solid #ff7070;\" id=\"kamery-tab-2\" class=\"rtbs_content\"><h2><i id=\"fac_69ef6b4e72336\" class=\"fa fa-video-camera\"><\/i>\n Widok Urz\u0105d Gminy Radk\u00f3w [Radk\u00f3w]<\/h2>\n<p>(strumie\u0144 testowy)<br \/>\n<script src=\"https:\/\/onlinesc.net\/online\/wlasne\/dist\/hls.min.js\"><\/script><br \/>\n<video id=\"video3\" controls=\"controls\" width=\"100%\" >W tej przegl\u0105darce tego nie obejrzysz... \ud83d\ude41<\/video><br \/>\n<script>\n  if(Hls.isSupported()) {\n    var video3 = document.getElementById('video3');\n    var config3 = {autoStartLoad: false};\n    var hls3 = new Hls(config3);\n    hls3.loadSource('http:\/\/185.124.117.134:8080\/hls\/kam03.m3u8');\n    hls3.attachMedia(video3);\n    hls3.startLoad(startPosition=-1);\n }\n<\/script><\/p>\n<div style=\"margin-top:30px; clear:both;\"><\/div><\/div>\r\n    <\/div>\r\n    <\/p>\n","protected":false},"excerpt":{"rendered":"<p>Zapraszamy do obejrzenia przekaz\u00f3w z naszych kamer.<\/p>\n","protected":false},"author":1,"featured_media":0,"parent":0,"menu_order":0,"comment_status":"closed","ping_status":"closed","template":"","meta":[],"yoast_head":"<!-- This site is optimized with the Yoast SEO plugin v14.9 - https:\/\/yoast.com\/wordpress\/plugins\/seo\/ -->\n<title>Kamery Szczekociny - przekaz na \u017cywo - ONLINE s.c.<\/title>\n<meta name=\"description\" content=\"Zapraszamy do obejrzenia przekaz\u00f3w z naszych kamer. Z czasem postaramy si\u0119 umieszcza\u0107 przekazy na \u017cywo z kolejnych kamer.\" \/>\n<meta name=\"robots\" content=\"index, follow, max-snippet:-1, max-image-preview:large, max-video-preview:-1\" \/>\n<link rel=\"canonical\" href=\"https:\/\/onlinesc.net\/online\/?page_id=24\" \/>\n<meta property=\"og:locale\" content=\"pl_PL\" \/>\n<meta property=\"og:type\" content=\"article\" \/>\n<meta property=\"og:title\" content=\"Kamery Szczekociny - przekaz na \u017cywo - ONLINE s.c.\" \/>\n<meta property=\"og:description\" content=\"Zapraszamy do obejrzenia przekaz\u00f3w z naszych kamer. Z czasem postaramy si\u0119 umieszcza\u0107 przekazy na \u017cywo z kolejnych kamer.\" \/>\n<meta property=\"og:url\" content=\"https:\/\/onlinesc.net\/online\/?page_id=24\" \/>\n<meta property=\"og:site_name\" content=\"ONLINE s.c.\" \/>\n<meta property=\"article:modified_time\" content=\"2020-09-11T08:56:28+00:00\" \/>\n<meta name=\"twitter:card\" content=\"summary\" \/>\n<script type=\"application\/ld+json\" class=\"yoast-schema-graph\">{\"@context\":\"https:\/\/schema.org\",\"@graph\":[{\"@type\":\"Organization\",\"@id\":\"https:\/\/onlinesc.net\/online\/#organization\",\"name\":\"ONLINE s.c.\",\"url\":\"https:\/\/onlinesc.net\/online\/\",\"sameAs\":[],\"logo\":{\"@type\":\"ImageObject\",\"@id\":\"https:\/\/onlinesc.net\/online\/#logo\",\"inLanguage\":\"pl-PL\",\"url\":\"https:\/\/onlinesc.net\/online\/wp-content\/uploads\/logo_online.png\",\"width\":150,\"height\":150,\"caption\":\"ONLINE s.c.\"},\"image\":{\"@id\":\"https:\/\/onlinesc.net\/online\/#logo\"}},{\"@type\":\"WebSite\",\"@id\":\"https:\/\/onlinesc.net\/online\/#website\",\"url\":\"https:\/\/onlinesc.net\/online\/\",\"name\":\"ONLINE s.c.\",\"description\":\"ca\\u0142y \\u015bwiat w zasi\\u0119gu r\\u0119ki...\",\"publisher\":{\"@id\":\"https:\/\/onlinesc.net\/online\/#organization\"},\"potentialAction\":[{\"@type\":\"SearchAction\",\"target\":\"https:\/\/onlinesc.net\/online\/?s={search_term_string}\",\"query-input\":\"required name=search_term_string\"}],\"inLanguage\":\"pl-PL\"},{\"@type\":\"WebPage\",\"@id\":\"https:\/\/onlinesc.net\/online\/?page_id=24#webpage\",\"url\":\"https:\/\/onlinesc.net\/online\/?page_id=24\",\"name\":\"Kamery Szczekociny - przekaz na \\u017cywo - ONLINE s.c.\",\"isPartOf\":{\"@id\":\"https:\/\/onlinesc.net\/online\/#website\"},\"datePublished\":\"2017-03-04T10:21:07+00:00\",\"dateModified\":\"2020-09-11T08:56:28+00:00\",\"description\":\"Zapraszamy do obejrzenia przekaz\\u00f3w z naszych kamer. Z czasem postaramy si\\u0119 umieszcza\\u0107 przekazy na \\u017cywo z kolejnych kamer.\",\"breadcrumb\":{\"@id\":\"https:\/\/onlinesc.net\/online\/?page_id=24#breadcrumb\"},\"inLanguage\":\"pl-PL\",\"potentialAction\":[{\"@type\":\"ReadAction\",\"target\":[\"https:\/\/onlinesc.net\/online\/?page_id=24\"]}]},{\"@type\":\"BreadcrumbList\",\"@id\":\"https:\/\/onlinesc.net\/online\/?page_id=24#breadcrumb\",\"itemListElement\":[{\"@type\":\"ListItem\",\"position\":1,\"item\":{\"@type\":\"WebPage\",\"@id\":\"https:\/\/onlinesc.net\/online\",\"url\":\"https:\/\/onlinesc.net\/online\",\"name\":\"Home\"}},{\"@type\":\"ListItem\",\"position\":2,\"item\":{\"@type\":\"WebPage\",\"@id\":\"https:\/\/onlinesc.net\/online\/?page_id=24\",\"url\":\"https:\/\/onlinesc.net\/online\/?page_id=24\",\"name\":\"Kamery\"}}]}]}<\/script>\n<!-- \/ Yoast SEO plugin. -->","_links":{"self":[{"href":"https:\/\/onlinesc.net\/online\/index.php?rest_route=\/wp\/v2\/pages\/24"}],"collection":[{"href":"https:\/\/onlinesc.net\/online\/index.php?rest_route=\/wp\/v2\/pages"}],"about":[{"href":"https:\/\/onlinesc.net\/online\/index.php?rest_route=\/wp\/v2\/types\/page"}],"author":[{"embeddable":true,"href":"https:\/\/onlinesc.net\/online\/index.php?rest_route=\/wp\/v2\/users\/1"}],"replies":[{"embeddable":true,"href":"https:\/\/onlinesc.net\/online\/index.php?rest_route=%2Fwp%2Fv2%2Fcomments&post=24"}],"version-history":[{"count":118,"href":"https:\/\/onlinesc.net\/online\/index.php?rest_route=\/wp\/v2\/pages\/24\/revisions"}],"predecessor-version":[{"id":1184,"href":"https:\/\/onlinesc.net\/online\/index.php?rest_route=\/wp\/v2\/pages\/24\/revisions\/1184"}],"wp:attachment":[{"href":"https:\/\/onlinesc.net\/online\/index.php?rest_route=%2Fwp%2Fv2%2Fmedia&parent=24"}],"curies":[{"name":"wp","href":"https:\/\/api.w.org\/{rel}","templated":true}]}}